 2/(8/36) + 5?
11
Suppose 2*w + 5*t - 194 = 0, -t = 6*w - 5*w - 100. Calculate the remainder when w is divided by 1*(-1 - 1*-22).
18
Let m = 334 - 284. Calculate the remainder when 299 is divided by m.
49
Suppose -42*h + 205 = f - 37*h, 4*h + 178 = f. Calculate the remainder when f is divided by 14.
8
Suppose -62*i + 357 = -511. What is the remainder when 305 is divided by i?
11
Suppose 4*l - 15 = 1. Suppose 5*x - 1370 = -l*j - 107, -x + 5*j + 270 = 0. Calculate the remainder when x is divided by 43.
40
Let t = -94 + 134. Suppose -4*h = -4*g - 104, -2*h - t = -4*h - 4*g. What is the remainder when 70 is divided by h?
22
Suppose -10*v + 19*v = 783. What is the remainder when 520 is divided by v?
85
Let l(w) = 23*w**2 - 6*w + 2. Let c(u) = -12*u**2 + 3*u - 1. Let z(m) = 7*c(m) + 4*l(m). Calculate the remainder when 105 is divided by z(2).
24
Let k(a) = 2*a**3 + 54*a**2 - 12*a + 111. What is the remainder when k(-27) is divided by 22?
17
Let p be 5 - (3 + 1 - 1). Let t be p/5 + (-12)/(-20). Calculate the remainder when 27 is divided by (-2)/(2/t)*-7.
6
Suppose 0*c = 4*c - 28. Suppose 5*k - 423 + 98 = 0. Let u = -40 + k. What is the remainder when u is divided by c?
4
Let j(i) = 2*i**2 + 7*i + 7. Let c = -26 + 24. Calculate the remainder when c/((-32)/(-20))*-24 is divided by j(-4).
8
Suppose 42*r = 38*r + 388. What is the remainder when r is divided by 59?
38
Suppose 3*z + 29 = -5*l, 0 = l + z + 2 + 5. Suppose 5*h = -15, 2*s - 3*h + 22 = 179. What is the remainder when s/l*(-10)/5 is divided by 13?
11
Let d(o) = -o**2 - 3*o - 11. Let p be d(-3). What is the remainder when 59 is divided by 13/1 + (p - -13)?
14
Suppose -254*c - 4*m + 87 = -253*c, 6 = 2*m. What is the remainder when 147 is divided by c?
72
Suppose 13*f - 507 = -0*f. Calculate the remainder when f is divided by 22.
17
Suppose 3*y + y - 16 = 0. Let d = 148 - 104. Suppose -y*o + 2*p + 63 = 1, 4*p = 3*o - d. Calculate the remainder when 31 is divided by o.
15
Let r(s) = 5*s**2 - 3*s + 4. Calculate the remainder when r(3) is divided by (-1*(-2)/6)/((-15224)/726 - -21).
7
Suppose -5 = -5*i, -9*j - 5*i = -13*j + 467. Calculate the remainder when 225 is divided by j.
107
Let h(m) = -16*m**2 + 74*m + 9. Calculate the remainder when h(4) is divided by 29.
20
Let v(a) = -12 - a**3 - 8*a - 7*a**2 + 7*a + 3*a - 5*a. What is the remainder when 35 is divided by v(-7)?
8
Let m(t) = 3*t - 33. Suppose -q = -2*i - 2*i - 5, i = q - 11. What is the remainder when q is divided by m(12)?
1
Suppose 5*q - 120 = -z, -361 + 18 = -3*z + 2*q. What is the remainder when z is divided by 110?
5
Let i(w) = -13*w**3 - 1. Let m be i(-1). Let n(q) = 9*q + 22. What is the remainder when n(m) is divided by 33?
31
Let l = 181 + -142. What is the remainder when 155 is divided by l?
38
Suppose 4*h + 4*v = 252, 11 + 289 = 5*h + 2*v. What is the remainder when h is divided by 3?
1
Let i(l) = -1 + l**2 + 4*l + 6*l**2 - l**3 - 1 - 2. What is the remainder when (-2 + 0/2)/((-8)/372) is divided by i(7)?
21
Let k(c) = c**3 - 29*c**2 - 58*c - 101. What is the remainder when 1494 is divided by k(31)?
22
Let t(x) = x**2 + 3*x - 2. Let c be t(-7). Let p = -12 + c. Calculate the remainder when p is divided by 4.
2
Let k = -27 + 10. Let y = 27 + k. What is the remainder when y is divided by (0 + 0 + -3)*12/(-9)?
2
Suppose -6 - 14 = -2*f. Let x = f - 2. Calculate the remainder when (-95)/(-3) - (-12)/(-18) is divided by x.
7
Let s(o) = 18*o - 1. Calculate the remainder when 102 is divided by s(3).
49
Let m be (8/4 - 4)/2. Suppose 0 = -4*x + 11 + 89. Calculate the remainder when 68 + 2 + 1 - m is divided by x.
22
Let a(u) = u**2 - 9*u + 12. Let s be a(8). Suppose d - s*d = -69. Let f = -258 + 271. Calculate the remainder when d is divided by f.
10
Suppose -25 = -2*i - 3. Let j be 132/8 + 18/12. Let b = 25 - j. What is the remainder when i is divided by b?
4
Let y be 62/(-4) - (-6)/(-4). Let l = y + 24. Suppose 0 = -v - 0*v + 4. Calculate the remainder when l is divided by v.
3
Suppose -4*b + 66 = -406. Suppose 5*k + b = 4*s, 5*k + 12 = -5*s + 137. Calculate the remainder when 50 is divided by s.
23
Suppose 0*a - 4*a + 8 = 0. Suppose 4*j = 3*w - 0*w + 152, 5*j + a*w - 190 = 0. Calculate the remainder when j is divided by (8/(-10))/((-9)/225).
18
Let x(l) = -l**3 - 2. Let u be x(-2). Suppose -q = -3*q + u, -k + 5 = -2*q. What is the remainder when 64 + (-9 - -10) - 1/1 is divided by k?
9
Let l = -83 - -89. Calculate the remainder when 161 - (10/(-15))/(1/l) is divided by 12.
9
Let m be (20/2 - 0)/2. Suppose a + 5 = w, -2*a = -a - m*w + 25. Suppose x - 108 = -a. What is the remainder when x is divided by 22?
20
Suppose -33*w + 24*w = -90. Let z = 5 - 2. Calculate the remainder when w is divided by z.
1
What is the remainder when 9 is divided by (-4)/4*(-3 - 2)*1?
4
What is the remainder when 173 is divided by 2 - 13/(39/(-18))?
5
Let i(z) = z**2 + 6*z + 5. Calculate the remainder when 475 is divided by i(7).
91
Suppose 0 = -39*l + 38*l + 125. What is the remainder when l is divided by 26?
21
Let z = -54 - -52. Calculate the remainder when 44 + z/(-2)*-1 is divided by 22.
21
Suppose -m + 2 = -0*m. Suppose -m*w = -9 - 3. What is the remainder when 2*9 + 11 + -7 is divided by w?
4
Let x = -14 + 63. Calculate the remainder when x is divided by (-6)/2 - (-20)/1.
15
Let i(p) = 5*p + 37. Let m be i(10). Let h = m + -45. What is the remainder when h is divided by 15?
12
Suppose 5*o + 2*y - 24 = 0, -3*y - 39 = -4*o - o. Let v = o - 1. Let g = -2 + v. What is the remainder when 6 is divided by g?
0
Let z(o) = o**2 + 4*o + 6. Let d be z(-3). Suppose -5*l + d*a + 230 = -15, 3*a - 123 = -3*l. What is the remainder when l is divided by 18?
10
Suppose 0 = -8*l + 3*l + 5*s, 0 = -5*s + 10. Let n(w) = 9*w - 144. Let f be n(16). Let t = l - f. What is the remainder when 9 is divided by t?
1
Suppose 0 = 4*w - w - 231. Suppose 0 = 5*l - w - 3. Let v = 12 - 6. What is the remainder when l is divided by v?
4
Calculate the remainder when 104 is divided by (252/(-45))/(4/(-10)).
6
Suppose 1 + 49 = 2*y. Let n(u) = -4*u + 4*u**2 + 0*u**2 - 2*u**2. Calculate the remainder when n(6) is divided by y.
23
Let w(m) = m - 9. Calculate the remainder when 236 is divided by w(16).
5
Suppose 4*o - 8 = -0. Suppose -3*q = -4*r - 32, 3*q + 3*r - 64 = -r. Suppose q = o*l + 4. Calculate the remainder when 23 is divided by l.
5
Suppose 4*d - 3*p = 6*d - 4, 0 = -3*d - 4*p + 8. Let i = -138 - -169. What is the remainder when i is divided by d?
7
Let i(h) = -13*h**2 + 4*h - 4. Let s be i(7). Calculate the remainder when (-2)/12 - s/6 is divided by 26.
24
Let f(h) = h**2 + 5*h + 7. Let j be f(-5). Suppose -8 + j = v. What is the remainder when 24 is divided by 38/3 + v/(-3)?
11
Let c = -117 - -78. Let b = -27 - c. Suppose 0 = 4*v - 3*v - 46. Calculate the remainder when v is divided by b.
10
Let o = 98 - -161. What is the remainder when o is divided by 65?
64
Suppose -3*v - 3*v = -24. Let c be (-1)/((8 - v)/(-4)). What is the remainder when 11 is divided by 2*(c + (-5)/(-2))?
4
Let m = -5 - -5. Suppose 11 = f - 4. Suppose m = -b - 3*j - 10, j = 4*j + f. Calculate the remainder when b is divided by 2.
1
Let g(i) = i**2 - 4*i + 17. What is the remainder when g(4) is divided by (48/15)/((-8)/(-20))?
1
Let i(v) = 16*v - 1. What is the remainder when ((-5459)/53)/(1*-1) is divided by i(1)?
13
Suppose 1 = -x + v + 9, 5*x - 40 = -4*v. Suppose 0 = -2*u - 2*u + x. Let g = -667 + 673. Calculate the remainder when g is divided by u.
0
What is the remainder when (-4 - (-6 + 3))*-89 is divided by 21?
5
Let q be ((-8)/6)/((-6)/153). Let k(t) = -t**3 + 2*t**2 + 11*t + 32. Let z be k(-3). Let f = z - q. What is the remainder when 29 is divided by f?
9
Suppose 54 + 26 = 8*l. What is the remainder when l is divided by 6?
4
Suppose 9*o - 13*o + 157 = 3*c, -2*c + 33 = o. Calculate the remainder when 425 is divided by o.
38
Suppose -4*r + 306 - 86 = 0. Suppose -2*x - 50 = -7*i + 4*i, -2*x + 62 = 5*i. Calculate the remainder when r is divided by i.
13
Suppose 0*s = 5*b + 4*s + 916, -b - 181 = 3*s. Let v = b + 261. Calculate the remainder when v is divided by 26.
25
Let m = -67 - -98. Suppose k + 4*n = -m, -5*k + n - 73 = 19. What is the remainder when 9 is divided by (-9)/36*(-1 + k)?
4
What is the remai